{"id":2329,"date":"2026-04-08T20:14:30","date_gmt":"2026-04-08T20:14:30","guid":{"rendered":"https:\/\/mandarinspabrasilia.com.br\/loja\/?post_type=product&#038;p=2329"},"modified":"2026-04-08T20:14:52","modified_gmt":"2026-04-08T20:14:52","slug":"mommy-boss","status":"publish","type":"product","link":"https:\/\/mandarinspabrasilia.com.br\/loja\/produto\/mommy-boss\/","title":{"rendered":"Mommy Boss"},"content":{"rendered":"","protected":false},"excerpt":{"rendered":"<blockquote><p><strong>Para m\u00e3es que trabalham muito e precisam de uma pausa estrat\u00e9gica<\/strong><\/p>\n<p>Escalda p\u00e9s com sais e cristais + Menu de ch\u00e1s + Degusta\u00e7\u00e3o de biscoito + Spa dos p\u00e9s e das m\u00e3os com Esfolia\u00e7\u00e3o e hidrata\u00e7\u00e3o profunda + 20 min de massagem na cadeira ergom\u00e9trica para soltar toda a coluna e somente depois \u00e9 direcionada para a maca, onde \u00e9 feita uma maravilhosa massagem relaxante de 1H em todo o corpo com \u00f3leo aquecido arom\u00e1tico + Degusta\u00e7\u00e3o de espumante.<\/p>\n<p><em>Dura\u00e7\u00e3o: 2H10min<\/em><\/p>\n<p><strong>Brinde: Mini creme de vinho ou Mini Vela Arom\u00e1tica.<\/strong><\/p><\/blockquote>\n","protected":false},"featured_media":2330,"template":"","meta":[],"product_brand":[],"product_cat":[64,71],"product_tag":[],"class_list":{"0":"post-2329","1":"product","2":"type-product","3":"status-publish","4":"has-post-thumbnail","6":"product_cat-day-spa","7":"product_cat-exclusivo-dia-das-maes","9":"first","10":"instock","11":"shipping-taxable","12":"purchasable","13":"product-type-simple"},"_links":{"self":[{"href":"https:\/\/mandarinspabrasilia.com.br\/loja\/wp-json\/wp\/v2\/product\/2329","targetHints":{"allow":["GET"]}}],"collection":[{"href":"https:\/\/mandarinspabrasilia.com.br\/loja\/wp-json\/wp\/v2\/product"}],"about":[{"href":"https:\/\/mandarinspabrasilia.com.br\/loja\/wp-json\/wp\/v2\/types\/product"}],"wp:featuredmedia":[{"embeddable":true,"href":"https:\/\/mandarinspabrasilia.com.br\/loja\/wp-json\/wp\/v2\/media\/2330"}],"wp:attachment":[{"href":"https:\/\/mandarinspabrasilia.com.br\/loja\/wp-json\/wp\/v2\/media?parent=2329"}],"wp:term":[{"taxonomy":"product_brand","embeddable":true,"href":"https:\/\/mandarinspabrasilia.com.br\/loja\/wp-json\/wp\/v2\/product_brand?post=2329"},{"taxonomy":"product_cat","embeddable":true,"href":"https:\/\/mandarinspabrasilia.com.br\/loja\/wp-json\/wp\/v2\/product_cat?post=2329"},{"taxonomy":"product_tag","embeddable":true,"href":"https:\/\/mandarinspabrasilia.com.br\/loja\/wp-json\/wp\/v2\/product_tag?post=2329"}],"curies":[{"name":"wp","href":"https:\/\/api.w.org\/{rel}","templated":true}]}}